is 101 (base 4) in base 13?
14
Convert 11 (base 2) to base 11.
3
-60 (base 9) to base 16
-36
What is -101 (base 2) in base 8?
-5
What is 5 (base 16) in base 4?
11
1343 (base 6) to base 4
11133
What is -5 (base 11) in base 7?
-5
What is 3 (base 14) in base 9?
3
-80 (base 11) to base 4
-1120
Convert 2 (base 14) to base 7.
2
Convert -8 (base 15) to base 4.
-20
What is 1 (base 14) in base 4?
1
10 (base 2) to base 4
2
What is -10d (base 15) in base 4?
-3232
-14a (base 13) to base 7
-450
What is 0 (base 6) in base 16?
0
Convert 111 (base 3) to base 10.
13
1 (base 6) to base 14
1
-264 (base 10) to base 7
-525
Convert -66 (base 10) to base 13.
-51
What is -174 (base 9) in base 10?
-148
-276 (base 12) to base 3
-112000
Convert 3 (base 15) to base 9.
3
Convert 33 (base 4) to base 11.
14
What is 345 (base 6) in base 3?
12002
What is -35 (base 7) in base 4?
-122
-90 (base 15) to base 14
-99
Convert -25 (base 8) to base 9.
-23
-100 (base 2) to base 3
-11
-5 (base 9) to base 10
-5
What is -1 (base 13) in base 5?
-1
-1 (base 4) to base 13
-1
What is -1111 (base 2) in base 11?
-14
What is -13 (base 10) in base 7?
-16
What is -30 (base 4) in base 3?
-110
Convert 20 (base 5) to base 3.
101
What is 0 (base 3) in base 7?
0
What is 47 (base 14) in base 10?
63
What is -210 (base 3) in base 12?
-19
Convert -11200 (base 3) to base 16.
-7e
-1 (base 16) to base 4
-1
Convert -1 (base 5) to base 7.
-1
44 (base 8) to base 3
1100
7 (base 13) to base 16
7
217 (base 14) to base 5
3123
Convert 302 (base 6) to base 2.
1101110
-6 (base 13) to base 3
-20
Convert -2a (base 14) to base 5.
-123
What is 3 (base 4) in base 2?
11
What is -23 (base 9) in base 6?
-33
Convert 301 (base 4) to base 6.
121
What is -10011 (base 2) in base 6?
-31
What is 4 (base 13) in base 6?
4
What is 11 (base 3) in base 12?
4
What is -114 (base 5) in base 11?
-31
What is -153 (base 11) in base 6?
-455
1 (base 2) to base 11
1
What is -a2 (base 13) in base 2?
-10000100
What is -306 (base 7) in base 11?
-12a
7 (base 10) to base 16
7
What is 5b (base 12) in base 8?
107
Convert 2 (base 7) to base 12.
2
Convert e0 (base 16) to base 14.
120
What is 1201 (base 3) in base 4?
232
What is 7 (base 16) in base 8?
7
-2 (base 16) to base 4
-2
Convert 3 (base 4) to base 3.
10
What is -111 (base 2) in base 10?
-7
What is -5 (base 10) in base 7?
-5
1011000 (base 2) to base 15
5d
Convert -10 (base 3) to base 14.
-3
What is 6 (base 14) in base 16?
6
What is 8 (base 13) in base 15?
8
What is 121 (base 11) in base 12?
100
Convert -1322 (base 6) to base 3.
-110112
51 (base 15) to base 8
114
17 (base 10) to base 9
18
3 (base 13) to base 10
3
Convert 2 (base 9) to base 15.
2
What is -4 (base 13) in base 4?
-10
What is -b (base 16) in base 13?
-b
0 (base 16) to base 6
0
b (base 13) to base 12
b
Convert 45 (base 14) to base 10.
61
-34 (base 12) to base 10
-40
-2 (base 13) to base 16
-2
What is -3 (base 12) in base 6?
-3
What is -101001 (base 2) in base 4?
-221
What is -1011 (base 2) in base 4?
-23
3 (base 6) to base 15
3
Convert 3 (base 6) to base 13.
3
Convert -1 (base 10) to base 4.
-1
What is 0 (base 8) in base 11?
0
What is 83 (base 9) in base 3?
2210
Convert 4 (base 6) to base 12.
4
-1 (base 10) to base 9
-1
Convert -1 (base 9) to base 8.
-1
What is -2 (base 12) in base 15?
-2
3 (base 8) to base 3
10
Convert 32 (base 7) to base 5.
43
What is -12 (base 5) in base 14?
-7
What is -13 (base 6) in base 8?
-11
Convert -84 (base 10) to base 6.
-220
Convert b (base 15) to base 11.
10
11 (base 14) to base 9
16
-12002 (base 3) to base 16
-89
-9 (base 15) to base 14
-9
Convert -1100 (base 4) to base 10.
-80
-4 (base 9) to base 3
-11
233 (base 9) to base 10
192
What is -111 (base 2) in base 8?
-7
What is -54 (base 9) in base 13?
-3a
Convert -11 (base 6) to base 7.
-10
212 (base 5) to base 2
111001
What is 112 (base 13) in base 3?
20211
What is 88 (base 15) in base 16?
80
Convert 0 (base 7) to base 3.
0
9b (base 12) to base 6
315
Convert 4 (base 8) to base 3.
11
What is 3 (base 4) in base 6?
3
Convert 110 (base 2) to base 7.
6
311 (base 5) to base 4
1101
Convert 1202 (base 3) to base 5.
142
Convert 162 (base 8) to base 6.
310
Convert 6 (base 10) to base 14.
6
What is -215 (base 10) in base 3?
-21222
What is -1 (base 4) in base 5?
-1
What is 40 (base 9) in base 8?
44
-1110 (base 2) to base 13
-11
What is -4b (base 15) in base 13?
-56
Convert 6 (base 14) to base 8.
6
Convert 10 (base 11) to base 7.
14
Convert -10001 (base 2) to base 6.
-25
3 (base 13) to base 16
3
Convert -3 (base 13) to base 4.
-3
What is -110 (base 2) in base 16?
-6
1 (base 6) to base 11
1
Convert -30 (base 5) to base 12.
-13
What is -10 (base 6) in base 7?
-6
Convert 2 (base 9) to base 4.
2
-181 (base 12) to base 2
-11110001
What is -11 (base 2) in base 10?
-3
What is 166 (base 9) in base 13?
ab
Convert 221 (base 3) to base 4.
121
What is -100 (base 2) in base 8?
-4
What is 0 (base 15) in base 9?
0
What is 100110 (base 2) in base 16?
26
What is 5 (base 10) in base 9?
5
Convert -33 (base 8) to base 7.
-36
What is 7 (base 12) in base 11?
7
Convert -2 (base 6) to base 7.
-2
1 (base 15) to base 8
1
What is -330 (base 6) in base 10?
-126
Convert -12 (base 7) to base 5.
-14
5 (base 7) to base 14
5
Convert -23 (base 4) to base 3.
-102
What is -3 (base 5) in base 13?
-3
What is 11010011 (base 2) in base 14?
111
Convert 0 (base 10) to base 5.
0
What is -174 (base 9) in base 14?
-a8
Convert -88 (base 11) to base 6.
-240
-2 (base 7) to base 9
-2
What is 12 (base 5) in base 8?
7
What is -1 (base 6) in base 10?
-1
-e (base 15) to base 7
-20
-3 (base 8) to base 3
-10
10010001 (base 2) to base 4
2101
What is 200 (base 6) in base 7?
132
31 (base 5) to base 2
10000
What is -b6 (base 12) in base 11?
-116
Convert -5 (base 7) to base 2.
-101
-7 (base 13) to base 4
-13
Convert 15 (base 9) to base 16.
e
Convert -4 (base 13) to base 4.
-10
Convert -16 (base 9) to base 7.
-21
What is 5 (base 14) in base 7?
5
24 (base 14) to base 15
22
What is -330 (base 4) in base 6?
-140
Convert 40 (base 6) to base 11.
22
-30 (base 6) to base 5
-33
What is 242 (base 6) in base 9?
118
Convert -7 (base 14) to base 7.
-10
What is 16d (base 15) in base 3?
110011
What is 2 (base 8) in base 12?
2
What is 10001 (base 2) in base 15?
12
-206 (base 8) to base 7
-251
-11110 (base 2) to base 9
-33
-100 (base 5) to base 10
-25
What is 8c (base 14) in base 8?
174
What is -4 (base 15) in base 14?
-4
35 (base 8) to base 3
1002
c (base 14) to base 2
1100
What is 1 (base 9) in base 14?
1
Convert 2 (base 10) to base 3.
2
Convert f (base 16) to base 8.
17
-2 (base 15) to base 5
-2
Convert -2 (base 7) to base 4.
-2
45 (base 15) to base 16
41
7 (base 9) to base 12
7
What is -210 (base 3) in base 16?
-15
-4 (base 15) to base 9
-4
84 (base 11) to base 13
71
What is 2 (base 6) in base 4?
2
Convert 12 (base 7) to base 13.
9
What is 88 (base 16) in base 7?
253
What is 2 (base 14) in base 13?
2
Convert 0 (base 7) to base 8.
0
What is 3 (base 9) in base 2?
11
What is b (base 14) in base 13?
b
6 (base 16) to base 6
10
What is 57 (base 16) in base 4?
1113
What is 10 (base 4) in base 7?
4
What is 4 (base 9) in base 4?
10
What is 47 (base 13) in base 12?
4b
-13 (base 8) to base 2
-1011
-b (base 13) to base 14
-b
-1 (base 15) to base 16
-1
What is -9 (base 15) in base 3?
-100
What is 0 (base 10) in base 5?
0
What is 11001 (base 2) in base 12?
21
17 (base 10) to base 2
10001
1 (base 11) to base 6
1
What is -1 (base 11) in base 15?
-1
-100101100 (base 2) to base 6
-1220
What is 3b (base 16) in base 2?
111011
What is -b (base 15) in base 9?
-12
What is 86 (base 10) in base 14?
62
3 (base 8) to base 14
3
Convert 1 (base 14) to base 3.
1
-302 (base 4) to base 10
-50
Convert -1 (base 6) to base 2.
-1
10011 (base 2) to base 16
13
9 (base 14) to base 4
21
-8d (base 16) to base 10
-141
Convert -6 (base 14) to base 12.
-6
What is a (base 12) in base 13?
a
Convert -134 (base 6) to base 8.
-72
331 (base 4) to base 5
221
2 (base 13) to base 6
2
-1 (base 6) to base 11
-1
What is 312 (base 5) in base 3?
10001
Convert -6 (base 11) to base 2.
-110
-2 (base 8) to base 9
-2
-104 (base 6) to base 9
-44
Convert 3 (base 5) to base 3.
10
Convert -3 (base 16) to base 5.
-3
-424 (base 8) to base 5
-2101
What is -143 (base 5) in base 16?
-30
What is 6 (base 10) in b